{"id":14,"date":"2019-12-21T16:08:45","date_gmt":"2019-12-21T15:08:45","guid":{"rendered":"http:\/\/dk16obwodnicaaugustowa.value-eng.pl\/?page_id=14"},"modified":"2024-02-23T17:50:58","modified_gmt":"2024-02-23T16:50:58","slug":"harmonogram","status":"publish","type":"page","link":"http:\/\/dk16obwodnicaaugustowa.value-eng.pl\/index.php\/harmonogram\/","title":{"rendered":"Harmonogram"},"content":{"rendered":"<div id=\"pl-14\"  class=\"panel-layout\" ><div id=\"pg-14-0\"  class=\"panel-grid panel-no-style\" ><div id=\"pgc-14-0-0\"  class=\"panel-grid-cell\" ><div id=\"panel-14-0-0-0\" class=\"so-panel widget widget_text panel-first-child panel-last-child\" data-index=\"0\" ><div class=\"panel-widget-style panel-widget-style-for-14-0-0-0\" >\t\t\t<div class=\"textwidget\"><p>1.\u00a0 17.07.2020 r. \u2013 z\u0142o\u017cenie opracowania etapu I do zatwierdzenia<\/p>\n<p>2.\u00a0 28.07.2020 r. \u2013 Odebranie przez Zamawiaj\u0105cego Etapu I<\/p>\n<p>3.\u00a0 01.12.2020 r. \u2013 Opracowanie etapu II \u2013 Analizy i prognozy ruchu<\/p>\n<p>4.\u00a0 11.12.2020 r. \u2013 Odebranie przez Zamawiaj\u0105cego etapu II<\/p>\n<p>5.\u00a0 09.2021 r. \u2013 Zako\u0144czenie pe\u0142nej inwentaryzacji przyrodniczej<\/p>\n<p>6.\u00a0 01.2022 r. \u2013 Posiedzenie ZOPI dla etapu I STE\u015a \u2013 R<\/p>\n<p>7. 12.2022 r. \u2013 Z\u0142o\u017cenie do odbioru etapu I SE\u015a-R po wprowadzonych zmianach wynikaj\u0105cych z opinii Konserwatora Zabytk\u00f3w<\/p>\n<p>8. 04.2023 r. \u2013 Uzyskanie protoko\u0142u ZOPI<\/p>\n<p>9. 29.06.2023 r. \u2013 Planowane posiedzenie KOPI<\/p>\n<p>10. 19.02.2023 \u2013 Z\u0142o\u017cenie wniosku o wydanie decyzji o \u015brodowiskowych uwarunkowaniach<\/p>\n<p>11. 06.2025 \u2013 Zako\u0144czenie prac nad etapem STE\u015a-R etap II<\/p>\n<\/div>\n\t\t<\/div><\/div><\/div><\/div><\/div>","protected":false},"excerpt":{"rendered":"<p>1.\u00a0 17.07.2020 r. \u2013 z\u0142o\u017cenie opracowania etapu I do zatwierdzenia 2.\u00a0 28.07.2020 r. \u2013 Odebranie przez Zamawiaj\u0105cego Etapu I 3.\u00a0 01.12.2020 r. \u2013 Opracowanie etapu II \u2013 Analizy i prognozy &#8230;<\/p>\n","protected":false},"author":1,"featured_media":0,"parent":0,"menu_order":0,"comment_status":"closed","ping_status":"closed","template":"template-fullwidth.php","meta":[],"_links":{"self":[{"href":"http:\/\/dk16obwodnicaaugustowa.value-eng.pl\/index.php\/wp-json\/wp\/v2\/pages\/14"}],"collection":[{"href":"http:\/\/dk16obwodnicaaugustowa.value-eng.pl\/index.php\/wp-json\/wp\/v2\/pages"}],"about":[{"href":"http:\/\/dk16obwodnicaaugustowa.value-eng.pl\/index.php\/wp-json\/wp\/v2\/types\/page"}],"author":[{"embeddable":true,"href":"http:\/\/dk16obwodnicaaugustowa.value-eng.pl\/index.php\/wp-json\/wp\/v2\/users\/1"}],"replies":[{"embeddable":true,"href":"http:\/\/dk16obwodnicaaugustowa.value-eng.pl\/index.php\/wp-json\/wp\/v2\/comments?post=14"}],"version-history":[{"count":14,"href":"http:\/\/dk16obwodnicaaugustowa.value-eng.pl\/index.php\/wp-json\/wp\/v2\/pages\/14\/revisions"}],"predecessor-version":[{"id":592,"href":"http:\/\/dk16obwodnicaaugustowa.value-eng.pl\/index.php\/wp-json\/wp\/v2\/pages\/14\/revisions\/592"}],"wp:attachment":[{"href":"http:\/\/dk16obwodnicaaugustowa.value-eng.pl\/index.php\/wp-json\/wp\/v2\/media?parent=14"}],"curies":[{"name":"wp","href":"https:\/\/api.w.org\/{rel}","templated":true}]}}