{"id":328,"date":"2021-04-30T16:46:54","date_gmt":"2021-04-30T14:46:54","guid":{"rendered":"http:\/\/dk16obwodnicaaugustowa.value-eng.pl\/?page_id=328"},"modified":"2021-05-05T23:02:28","modified_gmt":"2021-05-05T21:02:28","slug":"formularz","status":"publish","type":"page","link":"http:\/\/dk16obwodnicaaugustowa.value-eng.pl\/index.php\/formularz\/","title":{"rendered":"Formularz"},"content":{"rendered":"<div id=\"pl-328\"  class=\"panel-layout\" ><div id=\"pg-328-0\"  class=\"panel-grid panel-no-style\" ><div id=\"pgc-328-0-0\"  class=\"panel-grid-cell\" ><div id=\"panel-328-0-0-0\" class=\"so-panel widget widget_text panel-first-child panel-last-child\" data-index=\"0\" ><div class=\"panel-widget-style panel-widget-style-for-328-0-0-0\" ><h3 class=\"widget-title\">FORMULARZ OPINII<\/h3>\t\t\t<div class=\"textwidget\"><p><strong>Szanowni Pa\u0144stwo, <\/strong><br \/>\nw zwi\u0105zku z realizacj\u0105 Studium Techniczno\u2013Ekonomiczno\u2013\u015arodowiskowego z elementami Koncepcji Programowej wraz z analiz\u0105 i prognoz\u0105 ruchu, materia\u0142ami do wniosku o wydanie decyzji \u015brodowiskowej oraz\u202fdokumentacj\u0105<br \/>\ngeologiczno-in\u017cyniersk\u0105 w ramach zadania \u201eBudowa obwodnicy m. August\u00f3w w ci\u0105gu drogi krajowej nr 16\u201d zach\u0119camy Pa\u0144stwa do\u202fwype\u0142nienia poni\u017cszej ankiety.<\/p>\n<p>Ka\u017cdy g\u0142os jest dla nas wa\u017cny i b\u0119dzie niew\u0105tpliw\u0105 pomoc\u0105 przy realizacji projektu. Dzi\u0119kujemy!<\/p>\n<p style=\"text-align: right;\">Z wyrazami szacunku,<br \/>\nValue Engineering Sp. z o.o.<br \/>\nKierownik Projektu<br \/>\nDominik Murach<\/p>\n<p>Zach\u0119camy do wype\u0142nienia formularza bezpo\u015brednio na stronie internetowej: www.dk16obwodnicaaugustowa.value-eng.pl<br \/>\nIstnieje r\u00f3wnie\u017c mo\u017cliwo\u015b\u0107 przes\u0142ania opinii poprzez wys\u0142anie skanu formularza na adres mailowy: d.murach@value-eng.pl, lub poczt\u0105 na adres naszej firmy: Value Engineering Sp. z o.o., ul. Aleja Krakowska 22A, 02-284 Warszawa.<br \/>\nCzekamy na Pa\u0144stwa opinie do 20.05.2021 r.<\/p>\n<\/div>\n\t\t<\/div><\/div><\/div><\/div><div id=\"pg-328-1\"  class=\"panel-grid panel-has-style\" ><div class=\"panel-row-style panel-row-style-for-328-1\" ><div id=\"pgc-328-1-0\"  class=\"panel-grid-cell\" ><div id=\"panel-328-1-0-0\" class=\"so-panel widget widget_text panel-first-child panel-last-child\" data-index=\"1\" ><h3 class=\"widget-title\">Formularz w PDF do pobrania<\/h3>\t\t\t<div class=\"textwidget\"><\/div>\n\t\t<\/div><\/div><div id=\"pgc-328-1-1\"  class=\"panel-grid-cell\" ><div id=\"panel-328-1-1-0\" class=\"so-panel widget widget_sow-button panel-first-child panel-last-child\" data-index=\"2\" ><div class=\"so-widget-sow-button so-widget-sow-button-atom-f37577e83b26-328\"><div class=\"ow-button-base ow-button-align-left\">\n\t<a href=\"http:\/\/dk16obwodnicaaugustowa.value-eng.pl\/wp-admin\/konsultacje\/DK16A_199_Formularz_KonSpol_0.pdf\" class=\"ow-icon-placement-left ow-button-hover\" \t\t>\n\t\t<span>\n\t\t\t<span class=\"sow-icon-genericons\" data-sow-icon=\"&#xf440;\"\n\t\tstyle=\"color: #dddddd\" ><\/span>\n\t\t\tPobierz\t\t<\/span>\n\t<\/a>\n<\/div>\n<\/div><\/div><\/div><\/div><\/div><div id=\"pg-328-2\"  class=\"panel-grid panel-no-style\" ><div id=\"pgc-328-2-0\"  class=\"panel-grid-cell\" ><div id=\"panel-328-2-0-0\" class=\"so-panel widget widget_text panel-first-child panel-last-child\" data-index=\"3\" >\t\t\t<div class=\"textwidget\"><p><iframe loading=\"lazy\" src=\"https:\/\/docs.google.com\/forms\/d\/e\/1FAIpQLSfUsv145LxkcoZt07H2vtGkyEqkO9XvKP2kaF3SleYDfM4BtA\/viewform?embedded=true\" width=\"100%\" height=\"1568px\" frameborder=\"0\" marginwidth=\"0\" marginheight=\"0\">\u0141aduj\u0119\u2026<\/iframe><\/p>\n<\/div>\n\t\t<\/div><\/div><\/div><div id=\"pg-328-3\"  class=\"panel-grid panel-no-style\" ><div id=\"pgc-328-3-0\"  class=\"panel-grid-cell panel-grid-cell-empty\" ><\/div><\/div><\/div>","protected":false},"excerpt":{"rendered":"<p>Szanowni Pa\u0144stwo, w zwi\u0105zku z realizacj\u0105 Studium Techniczno\u2013Ekonomiczno\u2013\u015arodowiskowego z elementami Koncepcji Programowej wraz z analiz\u0105 i prognoz\u0105 ruchu, materia\u0142ami do wniosku o wydanie decyzji \u015brodowiskowej oraz\u202fdokumentacj\u0105 geologiczno-in\u017cyniersk\u0105 w ramach zadania &#8230;<\/p>\n","protected":false},"author":1,"featured_media":0,"parent":0,"menu_order":0,"comment_status":"closed","ping_status":"closed","template":"template-fullwidth.php","meta":[],"_links":{"self":[{"href":"http:\/\/dk16obwodnicaaugustowa.value-eng.pl\/index.php\/wp-json\/wp\/v2\/pages\/328"}],"collection":[{"href":"http:\/\/dk16obwodnicaaugustowa.value-eng.pl\/index.php\/wp-json\/wp\/v2\/pages"}],"about":[{"href":"http:\/\/dk16obwodnicaaugustowa.value-eng.pl\/index.php\/wp-json\/wp\/v2\/types\/page"}],"author":[{"embeddable":true,"href":"http:\/\/dk16obwodnicaaugustowa.value-eng.pl\/index.php\/wp-json\/wp\/v2\/users\/1"}],"replies":[{"embeddable":true,"href":"http:\/\/dk16obwodnicaaugustowa.value-eng.pl\/index.php\/wp-json\/wp\/v2\/comments?post=328"}],"version-history":[{"count":22,"href":"http:\/\/dk16obwodnicaaugustowa.value-eng.pl\/index.php\/wp-json\/wp\/v2\/pages\/328\/revisions"}],"predecessor-version":[{"id":476,"href":"http:\/\/dk16obwodnicaaugustowa.value-eng.pl\/index.php\/wp-json\/wp\/v2\/pages\/328\/revisions\/476"}],"wp:attachment":[{"href":"http:\/\/dk16obwodnicaaugustowa.value-eng.pl\/index.php\/wp-json\/wp\/v2\/media?parent=328"}],"curies":[{"name":"wp","href":"https:\/\/api.w.org\/{rel}","templated":true}]}}